{"id":4975,"date":"2025-10-20T14:11:00","date_gmt":"2025-10-20T12:11:00","guid":{"rendered":"https:\/\/skeevand.dk\/?page_id=4975"},"modified":"2026-02-20T14:29:22","modified_gmt":"2026-02-20T13:29:22","slug":"vandanalyser-2025","status":"publish","type":"page","link":"https:\/\/skeevand.dk\/?page_id=4975","title":{"rendered":"Vandanalyser 2025"},"content":{"rendered":"\n<p><a href=\"https:\/\/skeevand.dk\/wp-content\/uploads\/2026\/02\/Vandanalyse-DV25090343-0102356-Skee-Vandvaerk-LILLE-vaerket-31-3-14-4-2025.pdf\">Afgang vandv\u00e6rk Lille pr\u00f8ve d. 31-3-2025 \/ Analyseresultat d. 14-4-2025.<\/a><\/p>\n\n\n\n<p><a href=\"https:\/\/skeevand.dk\/wp-content\/uploads\/2026\/02\/Vandanalyse-DV25090344-0102329-Skee-Vandvaerk-forbruger-31-3-14-4-2025.pdf\">Hos forbruger d. 31-3-2025 \/ Analyseresultat d. 14-4-2025.<\/a><\/p>\n\n\n\n<p>Der er sm\u00e5 overskridelser p\u00e5 jern, nitrit &amp; amonium pga. filterservice og nedlukning af efterfiltret. Overskridelserne er dr\u00f8ftet med vores myndighed, der ikke mener, at overskridelsen har nogen sundhedsm\u00e6ssige konsekvenser. Derfor f\u00f8lges overskridelserne blot i opf\u00f8lgende analyser for at konstatere, om v\u00e6rdierne igen n\u00e6rmer sig vores  normalniveau. <\/p>\n\n\n\n<p><a href=\"https:\/\/skeevand.dk\/wp-content\/uploads\/2026\/02\/Vandanalyse-DV25150338-0103634-Skee-Vandvaerk-OPFOLGNING-16-4-5-5-2025.pdf\">Afgang vandv\u00e6rk OPF\u00d8LGNING d. 16-4-2025 \/ Analyseresultat d. 5-5-2025.<\/a><\/p>\n\n\n\n<p><a href=\"https:\/\/skeevand.dk\/wp-content\/uploads\/2026\/02\/Vandanalyse-DV25300012-0111193-Skee-Vandvaerk-OPFOLGNING-5-8-12-8-2025.pdf\">Afgang vandv\u00e6rk OPF\u00d8LGNING d. 5-8-2025 \/ Analyseresultat d. 12-8-2025.<\/a><\/p>\n\n\n\n<p><a href=\"https:\/\/skeevand.dk\/wp-content\/uploads\/2026\/02\/NOTE-Der-er-en-lille-overskridelse-paa-nitrit-MYNDIGHEDEN.pdf\">Afgang vandv\u00e6rk OPF\u00d8LGNING samt note fra myndigheden vedr. lille overskridelse p\u00e5 nitrit &#8211; d. 2-10-2025 \/ Analyseresultat d. 16-10-2025.<\/a><\/p>\n\n\n\n<p><\/p>\n","protected":false},"excerpt":{"rendered":"<p>Afgang vandv\u00e6rk Lille pr\u00f8ve d. 31-3-2025 \/ Analyseresultat d. 14-4-2025. Hos forbruger d. 31-3-2025 \/ Analyseresultat d. 14-4-2025. Der er sm\u00e5 overskridelser p\u00e5 jern, nitrit &amp; amonium pga. filterservice og nedlukning af efterfiltret. Overskridelserne er dr\u00f8ftet med vores myndighed, der ikke mener, at overskridelsen har nogen sundhedsm\u00e6ssige konsekvenser. Derfor f\u00f8lges overskridelserne blot i opf\u00f8lgende analyser &hellip; <\/p>\n<p class=\"link-more\"><a href=\"https:\/\/skeevand.dk\/?page_id=4975\" class=\"more-link\">L\u00e6s videre<span class=\"screen-reader-text\"> &#8220;Vandanalyser 2025&#8221;<\/span><\/a><\/p>\n","protected":false},"author":1,"featured_media":0,"parent":436,"menu_order":0,"comment_status":"closed","ping_status":"closed","template":"","meta":{"footnotes":""},"class_list":["post-4975","page","type-page","status-publish","hentry"],"_links":{"self":[{"href":"https:\/\/skeevand.dk\/index.php?rest_route=\/wp\/v2\/pages\/4975","targetHints":{"allow":["GET"]}}],"collection":[{"href":"https:\/\/skeevand.dk\/index.php?rest_route=\/wp\/v2\/pages"}],"about":[{"href":"https:\/\/skeevand.dk\/index.php?rest_route=\/wp\/v2\/types\/page"}],"author":[{"embeddable":true,"href":"https:\/\/skeevand.dk\/index.php?rest_route=\/wp\/v2\/users\/1"}],"replies":[{"embeddable":true,"href":"https:\/\/skeevand.dk\/index.php?rest_route=%2Fwp%2Fv2%2Fcomments&post=4975"}],"version-history":[{"count":3,"href":"https:\/\/skeevand.dk\/index.php?rest_route=\/wp\/v2\/pages\/4975\/revisions"}],"predecessor-version":[{"id":4980,"href":"https:\/\/skeevand.dk\/index.php?rest_route=\/wp\/v2\/pages\/4975\/revisions\/4980"}],"up":[{"embeddable":true,"href":"https:\/\/skeevand.dk\/index.php?rest_route=\/wp\/v2\/pages\/436"}],"wp:attachment":[{"href":"https:\/\/skeevand.dk\/index.php?rest_route=%2Fwp%2Fv2%2Fmedia&parent=4975"}],"curies":[{"name":"wp","href":"https:\/\/api.w.org\/{rel}","templated":true}]}}