{"id":3364,"date":"2022-05-17T11:07:30","date_gmt":"2022-05-17T09:07:30","guid":{"rendered":"https:\/\/skeevand.dk\/?page_id=3364"},"modified":"2022-09-14T09:07:37","modified_gmt":"2022-09-14T07:07:37","slug":"vandanalyser-2022","status":"publish","type":"page","link":"https:\/\/skeevand.dk\/?page_id=3364","title":{"rendered":"Vandanalyser 2022"},"content":{"rendered":"\n<p><a href=\"https:\/\/skeevand.dk\/wp-content\/uploads\/2022\/09\/Vandanalyse-22220395-0043926-Skee-Vandvaerk-boringskontrol-STOR.pdf\">Boring , d. 17. august 2022 \/ rapport 13-9-2022<\/a><\/p>\n\n\n\n<p><a href=\"https:\/\/skeevand.dk\/wp-content\/uploads\/2022\/08\/Vandanalyse-22220394-0042660-Skee-Vandvaerk-Gr.A-forbruger-17-8-2022.pdf\">Hos forbruger , d. 17. august 2022 \/ rapport 24-8-2022<\/a><\/p>\n\n\n\n<p><a href=\"https:\/\/skeevand.dk\/wp-content\/uploads\/2022\/08\/Vandanalyse-22220392-0042659-Skee-Vandaerk-Gr.AB-opfoelgn.overskridelse-17-8-2022.pdf\">Afgang vandv\u00e6rk &#8211; opf\u00f8lgning efter overskridelse i april , d. 17. august 2022 \/ rapport 24-8-2022<\/a> &#8211; uha-da, <strong>s\u00e5 virker filtrene igen<\/strong>, efter filtermaterialeskiftet i april.<\/p>\n\n\n\n<p style=\"font-size:16px\"><a href=\"https:\/\/skeevand.dk\/wp-content\/uploads\/2022\/05\/Vandanalyse-22100113-0036983-Skee-Vandvaerk-Gr.A-afgang-vandvaerk-16-5-2022-.pdf\">Afgang vandv\u00e6rk , d. 29. april 2022 \/ rapport 16-5-2022<\/a><\/p>\n\n\n\n<p class=\"has-luminous-vivid-orange-color has-text-color\">OBS-OBS: Forh\u00f8jede mangan-, ammonium- og turbiditetsv\u00e6rdier pga. filtermaterialeskift i marts m\u00e5ned. Myndigheden er orienteret herom.<\/p>\n\n\n\n<p><a href=\"https:\/\/skeevand.dk\/wp-content\/uploads\/2022\/05\/Vandanalyse-22100114-0037361-Skee-Vandvaerk-Gr.A-forbruger-23-5-2022.pdf\">Hos forbruger , d. 29. april 2022 \/ rapport 23-5-2022<\/a><\/p>\n","protected":false},"excerpt":{"rendered":"<p>Boring , d. 17. august 2022 \/ rapport 13-9-2022 Hos forbruger , d. 17. august 2022 \/ rapport 24-8-2022 Afgang vandv\u00e6rk &#8211; opf\u00f8lgning efter overskridelse i april , d. 17. august 2022 \/ rapport 24-8-2022 &#8211; uha-da, s\u00e5 virker filtrene igen, efter filtermaterialeskiftet i april. Afgang vandv\u00e6rk , d. 29. april 2022 \/ rapport 16-5-2022 &hellip; <\/p>\n<p class=\"link-more\"><a href=\"https:\/\/skeevand.dk\/?page_id=3364\" class=\"more-link\">L\u00e6s videre<span class=\"screen-reader-text\"> &#8220;Vandanalyser 2022&#8221;<\/span><\/a><\/p>\n","protected":false},"author":1,"featured_media":0,"parent":436,"menu_order":0,"comment_status":"closed","ping_status":"closed","template":"","meta":{"footnotes":""},"class_list":["post-3364","page","type-page","status-publish","hentry"],"_links":{"self":[{"href":"https:\/\/skeevand.dk\/index.php?rest_route=\/wp\/v2\/pages\/3364","targetHints":{"allow":["GET"]}}],"collection":[{"href":"https:\/\/skeevand.dk\/index.php?rest_route=\/wp\/v2\/pages"}],"about":[{"href":"https:\/\/skeevand.dk\/index.php?rest_route=\/wp\/v2\/types\/page"}],"author":[{"embeddable":true,"href":"https:\/\/skeevand.dk\/index.php?rest_route=\/wp\/v2\/users\/1"}],"replies":[{"embeddable":true,"href":"https:\/\/skeevand.dk\/index.php?rest_route=%2Fwp%2Fv2%2Fcomments&post=3364"}],"version-history":[{"count":10,"href":"https:\/\/skeevand.dk\/index.php?rest_route=\/wp\/v2\/pages\/3364\/revisions"}],"predecessor-version":[{"id":3494,"href":"https:\/\/skeevand.dk\/index.php?rest_route=\/wp\/v2\/pages\/3364\/revisions\/3494"}],"up":[{"embeddable":true,"href":"https:\/\/skeevand.dk\/index.php?rest_route=\/wp\/v2\/pages\/436"}],"wp:attachment":[{"href":"https:\/\/skeevand.dk\/index.php?rest_route=%2Fwp%2Fv2%2Fmedia&parent=3364"}],"curies":[{"name":"wp","href":"https:\/\/api.w.org\/{rel}","templated":true}]}}