{"id":3269,"date":"2022-03-19T12:45:05","date_gmt":"2022-03-19T11:45:05","guid":{"rendered":"https:\/\/skeevand.dk\/?page_id=3269"},"modified":"2023-12-26T10:03:01","modified_gmt":"2023-12-26T09:03:01","slug":"vejledninger","status":"publish","type":"page","link":"https:\/\/skeevand.dk\/?page_id=3269","title":{"rendered":"Vejledninger"},"content":{"rendered":"\n<p class=\"has-vivid-cyan-blue-color has-text-color\"><strong>Her findes lidt hj\u00e6lp, paradigmaer og vejledninger, hvis du er tilflytter, fraflytter eller andet, der involverer dit &#8220;<em>gamle<\/em>&#8221; eller &#8220;<em>nye<\/em>&#8221; vandv\u00e6rk ;<\/strong><\/p>\n\n\n\n<p><strong>FLYTTE-situationen:<\/strong> Oplys vandm\u00e5lerstanden ved indflytning\/fraflytning samt dit navn, telefonnummer og adressen. <a href=\"https:\/\/skeevand.dk\/?page_id=37\">Dette sender du til vandv\u00e6rkets kasserer og formand.<\/a> Vores vandv\u00e6rksforening har et paradigme til dette, s\u00e5fremt du vil benytte den form ; <a href=\"https:\/\/skeevand.dk\/wp-content\/uploads\/2022\/03\/FVD_ejerskifteerklaering_flytteafregning_februar2019_SkeeVandvaerk.docx\">FVD-Flytte-formular.<\/a><\/p>\n\n\n\n<p><strong>VANDSPILD:<\/strong> Hvis du oplever vandspild, (=&gt; et pludseligt voldsomt vandforbrug, n\u00e5r du kigger p\u00e5 din vandm\u00e5ler), er det vigtigt, at du forhindrer yderligere spild. Kontakt evt. din VVS-entrepren\u00f8r eller anden relevant &#8220;<em>hj\u00e6lper<\/em>&#8220;. <a href=\"https:\/\/skeevand.dk\/?page_id=37\">Giv derp\u00e5 vandv\u00e6rket besked.<\/a> Der er mulighed for, at f\u00e5 &#8220;<em>refunderet<\/em>&#8221; udgiften til rensning af spildevand, for den del af forbruget gennem m\u00e5leren, der ligger markant udenfor dit &#8220;<em>normalforbrug<\/em>&#8220;. DETTE SKAL SKE TIL RINGSTED FORSYNING !  <strong><a href=\"https:\/\/skeevand.dk\/wp-content\/uploads\/2022\/03\/Vandspildsprocedure.pdf\">HER ER VEJLEDNINGEN TIL DETTE.<\/a><\/strong>  <\/p>\n\n\n\n<figure class=\"wp-block-image size-large\"><img loading=\"lazy\" decoding=\"async\" width=\"1024\" height=\"741\" src=\"https:\/\/skeevand.dk\/wp-content\/uploads\/2022\/03\/vandspild-er-dyrt-billede-1024x741.png\" alt=\"\" class=\"wp-image-3299\" srcset=\"https:\/\/skeevand.dk\/wp-content\/uploads\/2022\/03\/vandspild-er-dyrt-billede-1024x741.png 1024w, https:\/\/skeevand.dk\/wp-content\/uploads\/2022\/03\/vandspild-er-dyrt-billede-300x217.png 300w, https:\/\/skeevand.dk\/wp-content\/uploads\/2022\/03\/vandspild-er-dyrt-billede-768x556.png 768w, https:\/\/skeevand.dk\/wp-content\/uploads\/2022\/03\/vandspild-er-dyrt-billede.png 1148w\" sizes=\"auto, (max-width: 767px) 89vw, (max-width: 1000px) 54vw, (max-width: 1071px) 543px, 580px\" \/><\/figure>\n\n\n\n<p>OBS: Det er IKKE muligt, at f\u00e5 refunderet det &#8220;<em>spildte vand<\/em>&#8221; ift. vandv\u00e6rket, da vandet jo ER leveret til dig, fra vandv\u00e6rket, med de tilh\u00f8rende omkostninger. <a href=\"https:\/\/skeevand.dk\/wp-content\/uploads\/2020\/08\/forbruger-hold-oeje-med-dit-vandforbrug.docx\">Her findes et hj\u00e6lpeskema, hvis du systematisk vil holde \u00f8je, med dit vandforbrug<\/a>.<\/p>\n\n\n\n<p><strong>VANDM\u00c5LERAFL\u00c6SNING:<\/strong> Hvis du er i tvivl om hvordan du afl\u00e6ser din vandm\u00e5ler, s\u00e5 findes her en <a href=\"https:\/\/skeevand.dk\/wp-content\/uploads\/2023\/12\/Saadan-aflaeser-indberetter-du-vandmaalerstanden-31.dec-v.6.0.pdf\">vejledning<\/a>. Afl\u00e6sningen skal ske pr. 31. december hvert \u00e5r.<\/p>\n\n\n\n<p><strong>HVORN\u00c5R SKER HVAD:<\/strong> Hvis du er i tvivl om, hvorn\u00e5r der sker noget ift. dit vandv\u00e6rk, hvorn\u00e5r du skal foretage vandm\u00e5lerafl\u00e6sning og indberette m\u00e5lerstanden, hvorn\u00e5r er der generalforsamling, eller hvilke andre <a href=\"http:\/\/skeevand.dk\/?page_id=243\">vigtige datoer ligger p\u00e5 vandv\u00e6rkskalenderen<\/a>.<\/p>\n\n\n\n<p><strong>GAMMEL VANDBR\u00d8ND:<\/strong> Hvis du har en gammeldags vandbr\u00f8nd p\u00e5 din grund, er der mulighed for, at f\u00e5 den sl\u00f8jfet, uden omkostninger for dig, af hensyn til grundvandsbeskyttelsen. Det h\u00e5ndteres af Ringsted Vandsamarbejde <a href=\"https:\/\/ringstedvandsamarbejde.dk\/broendsloejfning\/\">Se hvordan her<\/a>.<\/p>\n\n\n\n<p><strong><a href=\"https:\/\/skeevand.dk\/?page_id=638\">HVIS DU SKAL GRAVE:<\/a><\/strong> Hvis du skal grave, eller p\u00e5 anden m\u00e5de foretage noget der kan komme t\u00e6t p\u00e5 vandv\u00e6rkets ledningsf\u00f8ring, skal du foretage en s\u00f8gning p\u00e5 <a href=\"https:\/\/ler.dk\/Portal\/P.1.Forside.aspx?ReturnUrl=%2f\">LER-registret<\/a>.<\/p>\n\n\n\n<p><strong><a href=\"https:\/\/skeevand.dk\/wp-content\/uploads\/2019\/01\/ansvar_ved_vandmaaler.jpg\">HVEM ejer HVAD<\/a><\/strong> i m\u00e5lerbr\u00f8nden.<\/p>\n","protected":false},"excerpt":{"rendered":"<p>Her findes lidt hj\u00e6lp, paradigmaer og vejledninger, hvis du er tilflytter, fraflytter eller andet, der involverer dit &#8220;gamle&#8221; eller &#8220;nye&#8221; vandv\u00e6rk ; FLYTTE-situationen: Oplys vandm\u00e5lerstanden ved indflytning\/fraflytning samt dit navn, telefonnummer og adressen. Dette sender du til vandv\u00e6rkets kasserer og formand. Vores vandv\u00e6rksforening har et paradigme til dette, s\u00e5fremt du vil benytte den form ; &hellip; <\/p>\n<p class=\"link-more\"><a href=\"https:\/\/skeevand.dk\/?page_id=3269\" class=\"more-link\">L\u00e6s videre<span class=\"screen-reader-text\"> &#8220;Vejledninger&#8221;<\/span><\/a><\/p>\n","protected":false},"author":1,"featured_media":0,"parent":0,"menu_order":0,"comment_status":"closed","ping_status":"closed","template":"","meta":{"footnotes":""},"class_list":["post-3269","page","type-page","status-publish","hentry"],"_links":{"self":[{"href":"https:\/\/skeevand.dk\/index.php?rest_route=\/wp\/v2\/pages\/3269","targetHints":{"allow":["GET"]}}],"collection":[{"href":"https:\/\/skeevand.dk\/index.php?rest_route=\/wp\/v2\/pages"}],"about":[{"href":"https:\/\/skeevand.dk\/index.php?rest_route=\/wp\/v2\/types\/page"}],"author":[{"embeddable":true,"href":"https:\/\/skeevand.dk\/index.php?rest_route=\/wp\/v2\/users\/1"}],"replies":[{"embeddable":true,"href":"https:\/\/skeevand.dk\/index.php?rest_route=%2Fwp%2Fv2%2Fcomments&post=3269"}],"version-history":[{"count":25,"href":"https:\/\/skeevand.dk\/index.php?rest_route=\/wp\/v2\/pages\/3269\/revisions"}],"predecessor-version":[{"id":4056,"href":"https:\/\/skeevand.dk\/index.php?rest_route=\/wp\/v2\/pages\/3269\/revisions\/4056"}],"wp:attachment":[{"href":"https:\/\/skeevand.dk\/index.php?rest_route=%2Fwp%2Fv2%2Fmedia&parent=3269"}],"curies":[{"name":"wp","href":"https:\/\/api.w.org\/{rel}","templated":true}]}}