{"id":307,"date":"2019-01-20T14:06:17","date_gmt":"2019-01-20T13:06:17","guid":{"rendered":"https:\/\/www.skeevand.dk\/?page_id=307"},"modified":"2025-11-19T17:43:33","modified_gmt":"2025-11-19T16:43:33","slug":"om-skee-vandvaerk","status":"publish","type":"page","link":"https:\/\/skeevand.dk\/?page_id=307","title":{"rendered":"Om Skee Vandv\u00e6rk"},"content":{"rendered":"\n<p class=\"has-medium-font-size\">I 1915 blev en gruppe borgere i Skee enige om at lave en f\u00e6lles vandforsyning til afl\u00f8sning for alle de d\u00e5rlige br\u00f8nde, der b\u00e5de var uhumske og ofte l\u00f8b t\u00f8r.&nbsp;&nbsp;&nbsp; <\/p>\n\n\n\n<p class=\"has-medium-font-size\">Dengang var der 11 interessenter, og sadelmager Knud J Olsen betalte 2,- kr. om \u00e5ret for vand i hanen !&nbsp;&nbsp;&nbsp; <\/p>\n\n\n\n<p class=\"has-medium-font-size\">Nu er vi 60 interessenter i selskabet, og vi oppumper ca. 5.500 kubik meter r\u00e5vand om \u00e5ret, som forarbejdes til drikkevand og udpumpes til forbrugerne med 15-17 m<sup>3<\/sup> i d\u00f8gnet&nbsp; med variation for \u00e5rstid.&nbsp;&nbsp;&nbsp; <\/p>\n\n\n\n<p class=\"has-medium-font-size\">Vi er s\u00e5ledes \u00e9n af Ringsted kommunes mindste selvst\u00e6ndige vandforsyningsselskaber. Det er vi stolte af og det forpligter.&nbsp;&nbsp;&nbsp; <\/p>\n\n\n\n<p class=\"has-medium-font-size\"><a href=\"https:\/\/skeevand.dk\/wp-content\/uploads\/2020\/05\/Vandvaerksdiagram_rev2020.pdf\">Rentvandsbassinet<\/a> indeholder knapt 15 m<sup>3<\/sup> vand, der via et <a href=\"https:\/\/ledningsportal.dk\/spatialmap?profile=skeevand\">ledningsnet<\/a> p\u00e5 ca. 5 km forsyner forbrugerne.\u00a0\u00a0\u00a0<\/p>\n\n\n\n<p class=\"has-medium-font-size\">R\u00e5vandet er kalk-rigt og betegnes som h\u00e5rdt ,&nbsp; (18-20\u00b0dH).&nbsp;&nbsp;&nbsp; <\/p>\n\n\n\n<p class=\"has-medium-font-size\">Vandforsyningen har ringforbindelse til Ringsted Forsyning, der i tilf\u00e6lde af driftsstop kan indkobles som n\u00f8dforsyning.&nbsp;&nbsp;&nbsp; <\/p>\n\n\n\n<p class=\"has-medium-font-size\">Vandv\u00e6rket er moderniseret i flere omgange og senest i 2010, hvor hele <a href=\"https:\/\/skeevand.dk\/wp-content\/uploads\/2020\/05\/Vandvaerksdiagram_rev2020.pdf\">vandbehandlingsanl\u00e6gget<\/a> er udskiftet og boringen sikret mod forurening.&nbsp;&nbsp;&nbsp; <\/p>\n\n\n\n<p class=\"has-medium-font-size\">Vi har p\u00e5 Skee Vandv\u00e6rk, direkte kontakt til alle vore interessenter, via mail &amp; sms, ligesom vi gerne stiller op til lidt <a href=\"https:\/\/skeevand.dk\/?page_id=4525\">Information &amp; Undervisning<\/a> om vand og vandv\u00e6rk.<\/p>\n","protected":false},"excerpt":{"rendered":"<p>I 1915 blev en gruppe borgere i Skee enige om at lave en f\u00e6lles vandforsyning til afl\u00f8sning for alle de d\u00e5rlige br\u00f8nde, der b\u00e5de var uhumske og ofte l\u00f8b t\u00f8r.&nbsp;&nbsp;&nbsp; Dengang var der 11 interessenter, og sadelmager Knud J Olsen betalte 2,- kr. om \u00e5ret for vand i hanen !&nbsp;&nbsp;&nbsp; Nu er vi 60 interessenter &hellip; <\/p>\n<p class=\"link-more\"><a href=\"https:\/\/skeevand.dk\/?page_id=307\" class=\"more-link\">L\u00e6s videre<span class=\"screen-reader-text\"> &#8220;Om Skee Vandv\u00e6rk&#8221;<\/span><\/a><\/p>\n","protected":false},"author":1,"featured_media":0,"parent":0,"menu_order":0,"comment_status":"closed","ping_status":"closed","template":"","meta":{"footnotes":""},"class_list":["post-307","page","type-page","status-publish","hentry"],"_links":{"self":[{"href":"https:\/\/skeevand.dk\/index.php?rest_route=\/wp\/v2\/pages\/307","targetHints":{"allow":["GET"]}}],"collection":[{"href":"https:\/\/skeevand.dk\/index.php?rest_route=\/wp\/v2\/pages"}],"about":[{"href":"https:\/\/skeevand.dk\/index.php?rest_route=\/wp\/v2\/types\/page"}],"author":[{"embeddable":true,"href":"https:\/\/skeevand.dk\/index.php?rest_route=\/wp\/v2\/users\/1"}],"replies":[{"embeddable":true,"href":"https:\/\/skeevand.dk\/index.php?rest_route=%2Fwp%2Fv2%2Fcomments&post=307"}],"version-history":[{"count":5,"href":"https:\/\/skeevand.dk\/index.php?rest_route=\/wp\/v2\/pages\/307\/revisions"}],"predecessor-version":[{"id":4859,"href":"https:\/\/skeevand.dk\/index.php?rest_route=\/wp\/v2\/pages\/307\/revisions\/4859"}],"wp:attachment":[{"href":"https:\/\/skeevand.dk\/index.php?rest_route=%2Fwp%2Fv2%2Fmedia&parent=307"}],"curies":[{"name":"wp","href":"https:\/\/api.w.org\/{rel}","templated":true}]}}